er when 93 is divided by 14.
9
Calculate the remainder when 2829 is divided by 59.
56
Calculate the remainder when 79 is divided by 58.
21
Calculate the remainder when 55583 is divided by 144.
143
Calculate the remainder when 409 is divided by 103.
100
Calculate the remainder when 1383 is divided by 154.
151
What is the remainder when 50 is divided by 32?
18
What is the remainder when 3052 is divided by 1009?
25
Calculate the remainder when 833 is divided by 105.
98
Calculate the remainder when 673 is divided by 25.
23
Calculate the remainder when 473 is divided by 217.
39
Calculate the remainder when 740 is divided by 365.
10
What is the remainder when 1888 is divided by 10?
8
What is the remainder when 219 is divided by 37?
34
What is the remainder when 10309 is divided by 21?
19
What is the remainder when 88 is divided by 20?
8
What is the remainder when 4701 is divided by 16?
13
What is the remainder when 486 is divided by 12?
6
What is the remainder when 21 is divided by 18?
3
What is the remainder when 294 is divided by 99?
96
Calculate the remainder when 404 is divided by 102.
98
Calculate the remainder when 50 is divided by 42.
8
What is the remainder when 529 is divided by 7?
4
Calculate the remainder when 163 is divided by 21.
16
Calculate the remainder when 102 is divided by 26.
24
Calculate the remainder when 72 is divided by 17.
4
Calculate the remainder when 2491 is divided by 14.
13
Calculate the remainder when 1681 is divided by 115.
71
What is the remainder when 17667 is divided by 41?
37
What is the remainder when 15 is divided by 4?
3
What is the remainder when 485 is divided by 35?
30
What is the remainder when 79 is divided by 4?
3
What is the remainder when 682 is divided by 18?
16
Calculate the remainder when 999 is divided by 17.
13
Calculate the remainder when 80 is divided by 30.
20
Calculate the remainder when 250 is divided by 18.
16
What is the remainder when 733 is divided by 10?
3
Calculate the remainder when 1886 is divided by 54.
50
Calculate the remainder when 1647 is divided by 548.
3
Calculate the remainder when 53 is divided by 1.
0
Calculate the remainder when 41 is divided by 31.
10
What is the remainder when 1306 is divided by 29?
1
Calculate the remainder when 428 is divided by 28.
8
Calculate the remainder when 231 is divided by 19.
3
What is the remainder when 115 is divided by 7?
3
Calculate the remainder when 1796 is divided by 151.
135
Calculate the remainder when 622 is divided by 16.
14
Calculate the remainder when 407 is divided by 83.
75
What is the remainder when 2357 is divided by 18?
17
Calculate the remainder when 363 is divided by 38.
21
What is the remainder when 126 is divided by 58?
10
What is the remainder when 1044 is divided by 113?
27
What is the remainder when 92 is divided by 83?
9
Calculate the remainder when 828 is divided by 408.
12
What is the remainder when 68 is divided by 14?
12
Calculate the remainder when 423 is divided by 38.
5
Calculate the remainder when 72 is divided by 31.
10
Calculate the remainder when 566 is divided by 15.
11
Calculate the remainder when 27 is divided by 10.
7
What is the remainder when 190 is divided by 68?
54
Calculate the remainder when 4538 is divided by 239.
236
Calculate the remainder when 100 is divided by 17.
15
What is the remainder when 6244 is divided by 5?
4
What is the remainder when 108 is divided by 25?
8
What is the remainder when 18496 is divided by 6?
4
What is the remainder when 335 is divided by 117?
101
Calculate the remainder when 3852 is divided by 3838.
14
Calculate the remainder when 459 is divided by 8.
3
Calculate the remainder when 879 is divided by 34.
29
Calculate the remainder when 14038 is divided by 234.
232
Calculate the remainder when 3074 is divided by 43.
21
Calculate the remainder when 199 is divided by 194.
5
Calculate the remainder when 2764 is divided by 8.
4
Calculate the remainder when 2728 is divided by 161.
152
What is the remainder when 494 is divided by 24?
14
What is the remainder when 2129 is divided by 30?
29
Calculate the remainder when 27 is divided by 20.
7
Calculate the remainder when 213 is divided by 73.
67
Calculate the remainder when 2334 is divided by 73.
71
What is the remainder when 409 is divided by 127?
28
Calculate the remainder when 692 is divided by 32.
20
Calculate the remainder when 200 is divided by 56.
32
Calculate the remainder when 683 is divided by 7.
4
What is the remainder when 139 is divided by 11?
7
Calculate the remainder when 35 is divided by 12.
11
What is the remainder when 367 is divided by 23?
22
What is the remainder when 141 is divided by 71?
70
What is the remainder when 53 is divided by 15?
8
Calculate the remainder when 159 is divided by 79.
1
Calculate the remainder when 297 is divided by 113.
71
What is the remainder when 425 is divided by 130?
35
What is the remainder when 742 is divided by 244?
10
Calculate the remainder when 338 is divided by 39.
26
What is the remainder when 252 is divided by 11?
10
Calculate the remainder when 337 is divided by 103.
28
Calculate the remainder when 62 is divided by 21.
20
What is the remainder when 2138 is divided by 81?
32
Calculate the remainder when 1407 is divided by 11.
10
What is the remainder when 489 is divided by 35?
34
What is the remainder when 2025 is divided by 29?
24
Calculate the remainder when 129 is divided by 49.
31
What is the remainder when 195 is divided by 60?
15
What is the remainder when 360 is divided by 95?
75
Calculate the remainder when 246 is divided by 65.
51
Calculate the remainder when 943 is divided by 16.
15
What is the remainder when 612 is divided by 52?
40
Calculate the remainder when 59 is divided by 37.
22
Calculate the remainder when 208 is divided by 7.
5
What is the remainder when 243 is divided by 78?
9
Calculate the remainder when 255 is divided by 73.
36
What is the remainder when 635 is divided by 168?
131
Calculate the remainder when 195 is divided by 95.
5
Calculate the remainder when 10987 is divided by 67.
66
Calculate the remainder when 2756 is divided by 2.
0
Calculate the remainder when 1249 is divided by 10.
9
What is the remainder when 222 is divided by 61?
39
What is the remainder when 171 is divided by 62?
47
Calculate the remainder when 524 is divided by 35.
34
Calculate the remainder when 637 is divided by 32.
29
What is the remainder when 168 is divided by 54?
6
What is the remainder when 44 is divided by 12?
8
Calculate the remainder when 419 is divided by 88.
67
What is the remainder when 1194 is divided by 127?
51
Calculate the remainder when 799 is divided by 99.
7
What is the remainder when 445 is divided by 15?
10
What is the remainder when 9114 is divided by 94?
90
Calculate the remainder when 367 is divided by 92.
91
Calculate the remainder when 2418 is divided by 22.
20
What is the remainder when 1807 is divided by 113?
112
What is the remainder when 1223 is divided by 245?
243
What is the remainder when 186 is divided by 17?
16
What is the remainder when 9047 is divided by 603?
2
What is the remainder when 198 is divided by 177?
21
Calculate the remainder when 2049 is divided by 293.
291
Calculate the remainder when 124 is divided by 6.
4
Calculate the remainder when 2272 is divided by 38.
30
Calculate the remainder when 2063 is divided by 35.
33
Calculate the remainder when 349 is divided by 14.
13
Calculate the remainder when 2097 is divided by 13.
4
Calculate the remainder when 43 is divided by 11.
10
Calculate the remainder when 12165 is divided by 104.
101
Calculate the remainder when 2171 is divided by 5.
1
Calculate the remainder when 12492 is divided by 22.
18
Calculate the remainder when 1277 is divided by 71.
70
What is the remainder when 994 is divided by 83?
81
Calculate the remainder when 3893 is divided by 66.
65
Calculate the remainder when 4122 is divided by 2048.
26
Calculate the remainder when 2852 is divided by 238.
234
Calculate the remainder when 40248 is divided by 161.
159
What is the remainder when 235 is divided by 171?
64
Calculate the remainder when 714 is divided by 348.
18
What is the remainder when 12429 is divided by 12?
9
What is the remainder when 3803 is divided by 136?
131
Calculate the remainder when 430 is divid